tiple of 87?
False
Does 30 divide 275730?
True
Does 24 divide 4808016?
True
Is 265 a factor of 127200?
True
Is 20 a factor of 1754893?
False
Does 27 divide 1091086?
False
Is 88615 a multiple of 21?
False
Does 65 divide 332475?
True
Does 23 divide 2746847?
False
Is 586 a factor of 10723214?
True
Is 101495 a multiple of 200?
False
Is 20 a factor of 97500?
True
Is 544 a factor of 225216?
True
Is 40 a factor of 2459480?
True
Does 156 divide 6293468?
False
Does 45 divide 1731690?
True
Is 1867968 a multiple of 276?
True
Is 13956 a multiple of 2?
True
Is 1712274 a multiple of 408?
False
Is 1454355 a multiple of 21?
True
Is 378 a factor of 1297531?
False
Is 84270 a multiple of 6?
True
Does 208 divide 914819?
False
Does 11 divide 27313?
True
Is 41 a factor of 3309804?
False
Is 31 a factor of 273591?
False
Does 12 divide 799152?
True
Is 211530 a multiple of 33?
True
Does 68 divide 8898276?
True
Is 15 a factor of 47100?
True
Is 67 a factor of 160847?
False
Does 30 divide 120623?
False
Does 21 divide 1059450?
True
Is 119132 a multiple of 13?
True
Is 7 a factor of 5116160?
True
Is 2324600 a multiple of 25?
True
Does 168 divide 336168?
True
Is 5 a factor of 4510621?
False
Does 40 divide 233888?
False
Is 4 a factor of 785566?
False
Is 3414777 a multiple of 125?
False
Is 115320 a multiple of 15?
True
Is 1419902 a multiple of 11?
True
Is 49 a factor of 6076?
True
Does 20 divide 12920?
True
Does 730 divide 4315760?
True
Does 1030 divide 1438910?
True
Is 1610138 a multiple of 46?
True
Is 39 a factor of 467571?
True
Is 6 a factor of 225713?
False
Does 35 divide 394415?
True
Does 7 divide 7094731?
True
Does 463 divide 2846061?
True
Is 937 a factor of 615439?
False
Does 215 divide 39345?
True
Is 2 a factor of 79654?
True
Is 156 a factor of 87360?
True
Is 383 a factor of 5448558?
True
Does 16 divide 5278542?
False
Does 814 divide 57869?
False
Does 16 divide 100144?
True
Is 10 a factor of 1999607?
False
Is 13 a factor of 11683490?
True
Does 208 divide 282256?
True
Does 16 divide 947424?
True
Is 69 a factor of 199893?
True
Is 29 a factor of 16719488?
False
Is 35499312 a multiple of 12?
True
Is 410182 a multiple of 15?
False
Is 179 a factor of 560046?
False
Does 221 divide 1355393?
True
Does 778 divide 859690?
True
Is 131085 a multiple of 9?
True
Is 44 a factor of 92586?
False
Is 8 a factor of 29884?
False
Is 2254090 a multiple of 15?
False
Is 166913 a multiple of 30?
False
Does 3 divide 712152?
True
Is 9016392 a multiple of 1804?
True
Is 43232 a multiple of 193?
True
Does 874 divide 169725?
False
Is 296100 a multiple of 300?
True
Is 191862 a multiple of 594?
True
Is 3 a factor of 3381857?
False
Is 49894 a multiple of 19?
True
Does 20 divide 16662920?
True
Is 140 a factor of 4004253?
False
Does 355 divide 892939?
False
Is 8 a factor of 708748?
False
Is 333 a factor of 1030036?
False
Does 39 divide 3994614?
True
Is 4524142 a multiple of 119?
True
Is 20 a factor of 75501?
False
Is 63602 a multiple of 154?
True
Does 125 divide 26772?
False
Is 56460 a multiple of 3?
True
Is 1403892 a multiple of 756?
True
Is 25 a factor of 122425?
True
Is 1452 a factor of 1508448?
False
Is 79 a factor of 167992?
False
Does 35 divide 100975?
True
Does 423 divide 87435?
False
Is 3 a factor of 3427771?
False
Does 7 divide 48832?
True
Is 62678 a multiple of 518?
True
Does 34 divide 370940?
True
Is 410 a factor of 47150?
True
Does 111 divide 878101?
False
Does 2 divide 51407?
False
Is 61 a factor of 11100451?
False
Is 4728 a multiple of 5?
False
Is 46 a factor of 1978?
True
Is 397176 a multiple of 13?
True
Is 189733 a multiple of 101?
False
Is 374 a factor of 1399508?
True
Is 31 a factor of 494419?
True
Does 7 divide 417137?
True
Is 1630 a factor of 15635777?
False
Does 242 divide 2530660?
False
Does 115 divide 1675665?
True
Is 591052 a multiple of 1463?
True
Is 2 a factor of 2689?
False
Does 81 divide 327402?
True
Does 15 divide 145067?
False
Is 7 a factor of 4294115?
True
Is 1977 a multiple of 131?
False
Does 79 divide 678039?
False
Is 85285 a multiple of 11?
False
Does 8 divide 5487309?
False
Is 109 a factor of 66763?
False
Does 35 divide 8349?
False
Does 362 divide 3237366?
True
Does 119 divide 1468170?
False
Is 165914 a multiple of 496?
False
Is 18 a factor of 11322?
True
Does 54 divide 277668?
True
Does 17 divide 998851?
False
Is 3982960 a multiple of 4?
True
Is 16942178 a multiple of 242?
True
Is 105 a factor of 195419?
False
Is 5 a factor of 355443?
False
Is 10 a factor of 4075881?
False
Is 1208 a factor of 3082816?
True
Does 557 divide 16740635?
True
Is 9 a factor of 1245438?
True
Is 754433 a multiple of 254?
False
Does 316 divide 3422280?
True
Does 238 divide 2859570?
True
Does 982 divide 495200?
False
Does 8 divide 2377684?
False
Is 36 a factor of 300515?
False
Does 25 divide 638475?
True
Does 12 divide 83688?
True
Does 114 divide 29705?
False
Is 55 a factor of 281270?
True
Does 31 divide 54870?
True
Does 302 divide 270726?
False
Is 236 a factor of 3423416?
True
Is 2662280 a multiple of 39?
False
Is 139 a factor of 48213?
False
Is 746494 a multiple of 133?
False
Is 4910633 a multiple of 42?
False
Is 87656 a multiple of 95?
False
Is 17 a factor of 3733857?
False
Does 142 divide 426852?
True
Does 198 divide 289674?
True
Is 831358 a multiple of 62?
True
Is 14 a factor of 36016?
False
Is 13 a factor of 1461626?
False
Is 61 a factor of 64163?
False
Does 1154 divide 4848839?
False
Does 133 divide 84132?
False
Is 177804 a multiple of 22?
True
Is 31203425 a multiple of 25?
True
Does 94 divide 1080624?
True
Does 1394 divide 3899018?
True
Is 194209 a multiple of 157?
True
Is 3194751 a multiple of 633?
True
Is 17 a factor of 1042151?
True
Does 25 divide 473207?
False
Is 161534 a multiple of 20?
False
Is 348874 a multiple of 354?
False
Is 23772 a multiple of 8?
False
Is 2570088 a multiple of 692?
True
Does 61 divide 470020?
False
Is 5 a factor of 24246?
False
Is 338 a factor of 46982?
True
Is 16272 a multiple of 619?
False
Is 636384 a multiple of 84?
True
Is 12 a factor of 3368075?
False
Does 962 divide 1070706?
True
Is 178 a factor of 521540?
True
Is 64 a factor of 87808?
True
Does 12 divide 429629?
False
Does 6 divide 85370?
False
Does 48 divide 61289?
False
Is 120954 a multiple of 53?
False
Is 588924 a multiple of 36?
True
Is 92 a factor of 527345?
False
Is 9 a factor of 1009395?
True
Is 8 a factor of 2060480?
True
Is 7470177 a multiple of 121?
True
Is 678094 a multiple of 243?
False
Is 222 a factor of 194905?
False
Is 315171 a multiple of 3?
True
Does 64 divide 112576?
True
Is 9 a factor of 6579?
True
Is 5 a factor of 189955?
True
Does 384 divide 1509888?
True
Is 402042 a multiple of 37?
True
Is 1378 a factor of 1008696?
True
Does 38 divide 24898?
False
Does 8 divide 31694?
False
Does 124 divide 173877?
False
Does 27 divide 71496?
True
Is 708 a factor of 411191?
False
Is 31460 a multiple of 8?
False
Is 153 a factor of 1078650?
True
Is 2 a factor of 166741?
False
Is 63 a factor of 1526063?
False
Is 13 a factor of 31424?
False
Does 147 divide 7285026?
True
Is 19 a factor of 3103384?
True
Does 23 divide 279243?
True
Does 28 divide 1279989?
False
Is 5 a factor of 413713?
False
Is 54309 a multiple of 24?
False
Is 169 a factor of 3105762?
False
Does 78 divide 24322?
False
Does 7 divide 715717?
False
Does 13 divide 596098?
False
Is 36 a factor of 86862?
False
Does 801 divide 104130?
True
Is 103 a factor of 1240572?
False
Is 12368831 a multiple of 31?
False
Is 2 a factor of 8780?
True
Is 11 a factor of 1070938?
True
Does 18 divide 350370?
True
Does 239 divide 1159867?
True
Is 694072 a multiple of 202?
True
Does 14 divide 2337180?
False
Does 88 divide 24962608?
True
Does 84 divide 15708?
True
Is 494730 a multiple of 239?
True
Is 704 a factor of 5256064?
True
Is 349 a factor of 215811?
False
Does 9 divide 766590?
False
Is 38012 a multiple of 26?
True
Is 349757 a multiple of 11?
False
Is 12 a factor of 236592?
True
Is 44 a factor of 60676?
True
Does 822 divide 9250104?
False
Is 142031 a multiple of 251?
False
Is 10 a factor of 2744570?
True
Is 46 a factor of 2680785?
False
Is 33 a factor of 5091791?
False
Is 8 a factor of 755208?
True
Does 895 divide 516532?
False
Is 119408 a multiple of 68?
True
Is 129 a factor of 6404979?
True
Does 400 divide 578400?
True
Is 8 a factor of 787698?
False
Does 36 d